 (-5 + -1). Suppose -14 = -a*c - c - 4*n, 2*c + 2*n - 6 = g. Let l(k) = -4*k - 1. Calculate l(c).
-9
Let c be (-72)/(-27)*(10/8 + 1). Let l(w) = 0*w**2 + w**2 + 0*w - c + w. Give l(0).
-6
Let y = 53 + -42. Suppose -y*c + 7*c + 28 = 0. Let u(j) = -j. Determine u(c).
-7
Suppose -5*c + 83*p - 50 = 84*p, -2*c - 20 = -2*p. Let o(t) = -t**2 - 11*t - 2. Determine o(c).
8
Suppose 0 = -2*w - t + 3, 3*t + 12 - 3 = 3*w. Suppose w*l = -l + 9. Let o(c) = -1 - 2 - l + 5*c**2 + 5. Give o(-1).
4
Let l(b) = -8*b - 4. Suppose 0 = -2*h - 4 + 12. Let t(o) = -9 + 0 + 9*o + 14. Let u(a) = h*l(a) + 3*t(a). Calculate u(2).
-11
Suppose -6*k - 6 = 2*s - 11*k, 0 = 4*s - 3*k - 2. Let j(z) be the first derivative of -5/3*z**3 + 0*z + 2 - 1/2*z**s. Calculate j(1).
-6
Let j(f) = 2*f**2 - f - 4. Suppose 4*r - 12 = x, -2*x - 4*r = -0*x. Give j(x).
32
Let d(k) be the third derivative of -k**8/4032 + k**7/2520 + k**6/360 - 3*k**5/20 - 30*k**2. Let c(b) be the third derivative of d(b). Calculate c(2).
-14
Let y = 10 - -11. Let m = y + -26. Let s(a) = -9*a - 1. Let f(b) = -4*b. Let p(q) = 13*f(q) - 6*s(q). Determine p(m).
-4
Let o(m) = 5*m**3 - m**2 + m. Let d be (55/10 + -6)*-2. Give o(d).
5
Let g = 257 + -253. Let h(k) = k**2 - 4*k + 4. Determine h(g).
4
Let b = 3 + -5. Let g(r) be the third derivative of 0*r + 0 - 6*r**2 - 5/24*r**4 + 0*r**3. Determine g(b).
10
Let u(k) be the first derivative of k**4/4 - 6*k**3 - k**2/2 + 17*k + 822. Give u(18).
-1
Suppose -5*i - 63 = -2*i. Let v = -15 - i. Let n(q) = 15*q - v - 10*q - 8*q. Give n(-5).
9
Let n(b) = 7*b**3 + 9*b**2 - 11*b - 9. Suppose -95*q + 98*q - 18 = 0. Let k(o) = -o**3 - o**2 + o + 1. Let c(v) = q*k(v) + n(v). What is c(-4)?
1
Let o(g) = -g**2 - 6*g + 6. Let t = -190 - -185. Calculate o(t).
11
Suppose 3*j + 5*u = -0*j + 20, 2*j = -5*u + 15. Let y(q) = -2*q**2 + 8*q + 4. Calculate y(j).
-6
Let z be (-25)/4 + (-5)/(-20). Let b(x) = -8 - 5 + 6*x - 7*x. Determine b(z).
-7
Suppose -5*t = d - 26, -d + 28 = 5*t + 2*d. Let m = t + -9. Let j(x) = -17 + x + 11 - 5*x + 2*x. Determine j(m).
2
Let y(h) = 4*h + 19 + h**3 + 20 + 0*h - 6*h**2 - 45. Determine y(6).
18
Let k(v) = v**3 - 5*v**2 - v - 5. Suppose 3*i - 21 = 2*p, -2*p = 7*i - 4*i - 9. What is k(i)?
-10
Let t(h) be the third derivative of h**7/840 - h**6/720 + h**5/120 - 17*h**4/24 + 25*h**2. Let r(v) be the second derivative of t(v). Give r(1).
3
Let g(o) = o**2 + 8*o + 8. Suppose -6*w = -5*w - 5. Suppose 0 = -w*y + 7 + 13. Let s(f) = -f**3 + 3*f**2 + 2*f + 2. Let z be s(y). Give g(z).
-4
Let o be -1 + 20/(-4) + 3 + 4. Let m(h) = -14*h**2 + h - 1. What is m(o)?
-14
Let i = 22 + -19. Let y be 14 - (i + (3 - 7)). Let r be (y/(-30))/(1/(-14)). Let l(w) = -w**3 + 7*w**2 + w - 1. What is l(r)?
6
Suppose -s - g + 7 - 18 = 0, 0 = 3*s - 2*g + 8. Let n = 13 + s. Let m(p) = p**2 - 7*p + 3. Give m(n).
3
Let a(f) = -2*f - 4. Suppose 3*c + 7 = -26. Let s(k) = -k**2 - 11*k + 5. Let x be s(c). Let m be x/((-5)/3)*1. What is a(m)?
2
Let d = 53 - 49. Let g(l) = -3*l + 9*l**2 - 2*l - 8*l**2 + 4*l**2 - l**3. What is g(d)?
-4
Suppose -67 + 1 = -3*u. Let y be 64/(-30) + u/165. Let o(p) = -3*p. Calculate o(y).
6
Let f = -15 + 13. Let a be (108/(-48))/(f/8). Let s(u) = u**3 - 10*u**2 + 10*u - 8. What is s(a)?
1
Let j(v) be the second derivative of -v**5/20 - 11*v**4/12 - v**3/6 - 7*v**2 + 4*v - 2. What is j(-11)?
-3
Suppose 0 = 4*j, 0*d + 3*j + 4 = -4*d. Let a(z) be the second derivative of 1/2*z**2 - 1/6*z**4 + 0 + 36*z + 1/3*z**3. What is a(d)?
-3
Let y(p) = 3*p**3 + p**2 - p + 4. Let f(t) = -t**3 + t**2 + t - 1. Let g(h) = 2*f(h) + y(h). Suppose -3*r - 4*l = -11, r - 4*r = 5*l - 16. Determine g(r).
-1
Let c(g) = g**2 + 7*g - 2. Let d be (0 - 1)/((-2310)/576 + 4). Suppose -3*t = 9*t + d. What is c(t)?
6
Let j(x) = -7*x + 3. Let o be (-4)/6 - (-40)/(-30). Let f be j(o). Let u(y) = -1 + 19*y - 34*y + f*y + 2*y**2. What is u(-3)?
11
Suppose 8 = 4*u + 3*n, 5*u = -n - n + 17. Suppose c - 20 = -c + u*d, 29 = 5*c - 2*d. Let r = c - 1. Let w(t) = t - 9. What is w(r)?
-5
Let i be 5 + ((-198)/2)/(-9). Let f(a) = -a**2 + 14*a + 13. Calculate f(i).
-19
Suppose -1 = 2*s + k, 0 = 3*k - 5 + 20. Let u(o) be the second derivative of 1/2*o**s + 0 - 3/2*o**3 + 4*o. Determine u(1).
-8
Let r(c) = c - 12. Let b = 65 - 65. Give r(b).
-12
Let a(o) = o**2 + 5*o - 3. Let f(g) = g**2 + 9*g + 12. Let b be f(-6). What is a(b)?
3
Let b(u) = -u**2 + 9*u + 7. Let c be b(8). Suppose 11*g - c = 6*g. Let v(l) = -3 + l**2 - 2*l + l**2 + l - g*l**2. Calculate v(0).
-3
Let l(m) = m**3 + m - 12. Suppose 0 = 3*g + 5*d - 25, -7*g + d - 5 = -6*g. Give l(g).
-12
Let h(v) = 3*v**2 - 3*v. Let y(o) = 8*o + 2 - 10*o + 3 + o. Let z be y(4). Let g be 1 - (1 + z + -3). Determine h(g).
6
Suppose 15 = 2*y + 5. Suppose -4*w = y + 19. Let k(f) = f + 12. What is k(w)?
6
Let h(b) = -b**2 + 5*b + 1. Suppose -50*z + 51*z - 4 = 0. Calculate h(z).
5
Suppose 5*d + 5 = 25. Let v(g) = d*g**2 - 2*g**2 + 6*g - g**2 + 2. Give v(-6).
2
Suppose -3*y - 6 = g, -2*y - 4 = 5*g - 0*y. Let w = g - 4. Let x(u) = u**3 + 6*u**2 + 4*u - 3. Calculate x(w).
13
Suppose -i + 2*i - 4*i = 0. Suppose 3*x + x - 2*x = i. Let j(v) = -v**2 - v + 16. What is j(x)?
16
Suppose 0 = -5*t + 7*t - 2. Let j(w) = t + w**3 - 4*w**2 + 2*w**2 + 2 - 4. What is j(3)?
8
Let u = 4 - -2. Let c(i) = -2 - 53*i**2 + 52*i**2 + 9 + 0 + 1 + 5*i. Determine c(u).
2
Let h be ((-24)/10 + 2)*-15. Let k(v) = 2*v + 0*v - h*v. Calculate k(1).
-4
Let o(k) = -k**3 + 36*k - 20*k - 18*k - 11*k**2 - 8*k + 2. Give o(-10).
2
Let w(z) be the first derivative of 4*z + 3/2*z**2 + 12. Determine w(-5).
-11
Let q(z) = 6 - 3*z + 3*z + 2*z. Let c(r) = -r**2 + 9*r + 16. Let i be c(11). Determine q(i).
-6
Let r(w) = 2*w**3 + 4*w**2 + 4*w + 3. Let o(l) = -l**2 - 8*l - 2. Suppose 5*j = -10 - 50. Let i = j + 4. Let x be o(i). Give r(x).
-5
Suppose 2*o + 2*a - 8 = 0, 0 = o + 2*a - 11 + 8. Let k(z) = 2*z - 4. What is k(o)?
6
Let z(w) = -6*w**2 - 3*w + 2. Let y be (-65)/26*8/(-5). Let d(i) = -5*i**2 - 2*i + 1. Let c(p) = y*z(p) - 5*d(p). What is c(3)?
6
Let z be (-15)/20 - 26/8. Let x = 6 + z. Let v(f) = 0 + 3 - 2*f**3 - 3*f**2 - f**x + 3*f**3. Determine v(4).
3
Let w(h) = -h**2 - 6*h + 4. Let d be -2 + 5 + -5 + 2. Let s be w(d). Let o(u) = u**3 - 2*u**2 - 4*u - 2. What is o(s)?
14
Let v(j) = -j**3 + 3*j**2 + j - 2. Suppose 0 = -18*h + 39 - 75. Calculate v(h).
16
Suppose -282*y + 35 = -275*y. Let q(k) = -k**2 + 3*k - 5. Give q(y).
-15
Let g(a) be the first derivative of -35*a**2/2 + a + 31. Give g(1).
-34
Let j(v) be the first derivative of -v**4/4 - v**3/3 - v**2/2 - 20*v - 566. Calculate j(0).
-20
Let i(t) = t**2 + 5*t - 2. Let s be i(-6). Let x(q) = q + 798. Let u(a) = 4*a + 2128. Let j(n) = -3*u(n) + 8*x(n). What is j(s)?
-16
Let i = 12 + -7. Suppose 5*x + 27 + 13 = 0. Let o = x + i. Let m(s) = s**2 + 4*s + 4. Determine m(o).
1
Let t(f) = f**3 - 14*f**2 - 14*f - 17. Let y(j) = 9*j - 57. Let p be y(8). Calculate t(p).
-2
Let l(h) = -h**3 - 7*h**2 - 3*h - 3. Let b(a) = -a**3 - 7*a**2 - 4*a - 2. Let v(d) = -4*b(d) + 5*l(d). Determine v(-7).
-14
Let q(d) = d + 1. Let o(m) = -4*m - 7. Let f be (-275)/225 - (-2)/9. Let l(n) = f*q(n) - o(n). Calculate l(-4).
-6
Suppose d + 21 = 8*d. Let p(b) = -b - 1. Let u(c) = -c. Let a(i) = -3*p(i) + 4*u(i). Give a(d).
0
Let x(c) = 5*c**2 - 6*c + 8. Let a(r) = r**2 + 1. Let u(w) = -3*a(w) + x(w). Give u(3).
5
Let q(s) = -5*s**2 - 5*s + 24. Let p(z) = z**2 - 6. Let b(g) = -4*p(g) - q(g). Give b(-7).
14
Let k(i) = -4*i - 9. Let w be k(-4). Let a(f) = f - 9. Calculate a(w).
-2
Let l(t) = t**2 - 10*t + 22. Suppose 60 = 65*c - 53*c. Give l(c).
-3
Let l = 26 - 10. Suppose -l = -p - 4*k, -4*p + 5*k = 3 + 17. Let b(n) = n**3 + 9. What is b(p)?
9
Let s(b) be the second derivative of b**6/720 - 7*b**4/6 + 19*b. Let f(v) be the third derivative of s(v). Give f(4).
4
Suppose 6*h + 29 = 2*h - 5*o, -o = -2*h - 11. Let a(s) be the second derivative of -s**5/20 - 5*s**4/12 + s**3 + 2*s**2 + 871*s. Give a(h).
4
Let w(z) = -2*z**2 - 2*z - 12 - z**3 + 8 + 1. Let c(t) = -t - 4. Let d be c(-2). What is w(d)?
1
Suppose 3*w + w - 5*i - 49 = 0, -2*i - 4 = w. Let q(s) = -3420 - 3*s**2 + 3*s**2 - 8*s + s**2 + 3427. Give q(w).
-5
Let x(v) = 9*v - 8. Let q(h) = -10*h + 8. Let y(w) = -6*q(w) - 7*x(w). Let r be y(3). Let u(c) = 